{"version":"1.0","provider_name":"Les Journe\u0301es fribourgeoises du photovoltai\u0308que \/\/ Die Freiburger Tage der Fotovoltaik","provider_url":"https:\/\/fribourg-photovoltaique.ch\/de\/","author_name":"s62SCHULER","author_url":"https:\/\/fribourg-photovoltaique.ch\/de\/author\/s62schuler\/","title":"Datenschutzrichtlinien - Les Journe\u0301es fribourgeoises du photovoltai\u0308que \/\/ Die Freiburger Tage der Fotovoltaik","type":"rich","width":600,"height":338,"html":"<blockquote class=\"wp-embedded-content\" data-secret=\"qongb88wJW\"><a href=\"https:\/\/fribourg-photovoltaique.ch\/de\/datenschutzrichtlinien\/\">Datenschutzrichtlinien<\/a><\/blockquote><iframe sandbox=\"allow-scripts\" security=\"restricted\" src=\"https:\/\/fribourg-photovoltaique.ch\/de\/datenschutzrichtlinien\/embed\/#?secret=qongb88wJW\" width=\"600\" height=\"338\" title=\"&#8222;Datenschutzrichtlinien&#8220; &#8211; Les Journe\u0301es fribourgeoises du photovoltai\u0308que \/\/ Die Freiburger Tage der Fotovoltaik\" data-secret=\"qongb88wJW\" frameborder=\"0\" marginwidth=\"0\" marginheight=\"0\" scrolling=\"no\" class=\"wp-embedded-content\"><\/iframe><script type=\"text\/javascript\">\n\/* <![CDATA[ *\/\n\/*! This file is auto-generated *\/\n!function(d,l){\"use strict\";l.querySelector&&d.addEventListener&&\"undefined\"!=typeof URL&&(d.wp=d.wp||{},d.wp.receiveEmbedMessage||(d.wp.receiveEmbedMessage=function(e){var t=e.data;if((t||t.secret||t.message||t.value)&&!\/[^a-zA-Z0-9]\/.test(t.secret)){for(var s,r,n,a=l.querySelectorAll('iframe[data-secret=\"'+t.secret+'\"]'),o=l.querySelectorAll('blockquote[data-secret=\"'+t.secret+'\"]'),c=new RegExp(\"^https?:$\",\"i\"),i=0;i<o.length;i++)o[i].style.display=\"none\";for(i=0;i<a.length;i++)s=a[i],e.source===s.contentWindow&&(s.removeAttribute(\"style\"),\"height\"===t.message?(1e3<(r=parseInt(t.value,10))?r=1e3:~~r<200&&(r=200),s.height=r):\"link\"===t.message&&(r=new URL(s.getAttribute(\"src\")),n=new URL(t.value),c.test(n.protocol))&&n.host===r.host&&l.activeElement===s&&(d.top.location.href=t.value))}},d.addEventListener(\"message\",d.wp.receiveEmbedMessage,!1),l.addEventListener(\"DOMContentLoaded\",function(){for(var e,t,s=l.querySelectorAll(\"iframe.wp-embedded-content\"),r=0;r<s.length;r++)(t=(e=s[r]).getAttribute(\"data-secret\"))||(t=Math.random().toString(36).substring(2,12),e.src+=\"#?secret=\"+t,e.setAttribute(\"data-secret\",t)),e.contentWindow.postMessage({message:\"ready\",secret:t},\"*\")},!1)))}(window,document);\n\/\/# sourceURL=https:\/\/fribourg-photovoltaique.ch\/wp-includes\/js\/wp-embed.min.js\n\/* ]]> *\/\n<\/script>\n","description":"Diese Datenschutzerkl\u00e4rung wurde zuletzt im Juni 2024 aktualisiert und gilt f\u00fcr B\u00fcrger und Personen mit st\u00e4ndigem Wohnsitz im Europ\u00e4ischen Wirtschaftsraum und der Schweiz. In dieser Datenschutzerkl\u00e4rung erkl\u00e4ren wir, was wir mit den Daten, die wir \u00fcber dich via https:\/\/fribourg-photovoltaique.ch gesammelt haben, tun. Wir empfehlen dir, dieses Dokument sorgf\u00e4ltig zu lesen. W\u00e4hrend unserer Verarbeitung entsprechen wir [&hellip;]"}

Diese Datenschutzerklärung wurde zuletzt im Juni 2024 aktualisiert und gilt für Bürger und Personen mit ständigem Wohnsitz im Europäischen Wirtschaftsraum und der Schweiz. In dieser Datenschutzerklärung erklären wir, was wir mit den Daten, die wir über dich via https://fribourg-photovoltaique.ch gesammelt haben, tun. Wir empfehlen dir, dieses Dokument sorgfältig zu lesen. Während unserer Verarbeitung entsprechen wir [&hellip;]
